{"id":575,"date":"2025-03-11T16:51:23","date_gmt":"2025-03-11T16:51:23","guid":{"rendered":"https:\/\/turegistrodemarca.com\/?page_id=575"},"modified":"2025-03-11T16:52:55","modified_gmt":"2025-03-11T16:52:55","slug":"terminos-y-condiciones","status":"publish","type":"page","link":"https:\/\/turegistrodemarca.com\/?page_id=575","title":{"rendered":"T\u00e9rminos y Condiciones"},"content":{"rendered":"\t\t<div data-elementor-type=\"wp-page\" data-elementor-id=\"575\" class=\"elementor elementor-575\" data-elementor-post-type=\"page\">\n\t\t\t\t\t\t<section class=\"elementor-section elementor-top-section elementor-element elementor-element-d03cea5 elementor-section-stretched elementor-section-boxed elementor-section-height-default elementor-section-height-default\" data-id=\"d03cea5\" data-element_type=\"section\" data-settings=\"{&quot;stretch_section&quot;:&quot;section-stretched&quot;,&quot;background_background&quot;:&quot;classic&quot;}\">\n\t\t\t\t\t\t<div class=\"elementor-container elementor-column-gap-wider\">\n\t\t\t\t\t<div class=\"elementor-column elementor-col-100 elementor-top-column elementor-element elementor-element-61f984a\" data-id=\"61f984a\" data-element_type=\"column\">\n\t\t\t<div class=\"elementor-widget-wrap elementor-element-populated\">\n\t\t\t\t\t\t<section class=\"elementor-section elementor-inner-section elementor-element elementor-element-9a4c0e7 elementor-section-boxed elementor-section-height-default elementor-section-height-default\" data-id=\"9a4c0e7\" data-element_type=\"section\">\n\t\t\t\t\t\t<div class=\"elementor-container elementor-column-gap-default\">\n\t\t\t\t\t<div class=\"elementor-column elementor-col-50 elementor-inner-column elementor-element elementor-element-eafc460\" data-id=\"eafc460\" data-element_type=\"column\">\n\t\t\t<div class=\"elementor-widget-wrap elementor-element-populated\">\n\t\t\t\t\t\t<div class=\"elementor-element elementor-element-3fe3beb elementor-widget__width-initial elementor-widget elementor-widget-heading\" data-id=\"3fe3beb\" data-element_type=\"widget\" data-widget_type=\"heading.default\">\n\t\t\t\t<div class=\"elementor-widget-container\">\n\t\t\t\t\t<h1 class=\"elementor-heading-title elementor-size-default\"><strong>T\u00c9RMINOS <\/strong>&amp; CONDICIONES<\/h1>\t\t\t\t<\/div>\n\t\t\t\t<\/div>\n\t\t\t\t\t<\/div>\n\t\t<\/div>\n\t\t\t\t<div class=\"elementor-column elementor-col-50 elementor-inner-column elementor-element elementor-element-87e65ba\" data-id=\"87e65ba\" data-element_type=\"column\">\n\t\t\t<div class=\"elementor-widget-wrap\">\n\t\t\t\t\t\t\t<\/div>\n\t\t<\/div>\n\t\t\t\t\t<\/div>\n\t\t<\/section>\n\t\t\t\t\t<\/div>\n\t\t<\/div>\n\t\t\t\t\t<\/div>\n\t\t<\/section>\n\t\t\t\t<section class=\"elementor-section elementor-top-section elementor-element elementor-element-c38f172 elementor-section-stretched elementor-section-boxed elementor-section-height-default elementor-section-height-default\" data-id=\"c38f172\" data-element_type=\"section\" data-settings=\"{&quot;stretch_section&quot;:&quot;section-stretched&quot;}\">\n\t\t\t\t\t\t<div class=\"elementor-container elementor-column-gap-wider\">\n\t\t\t\t\t<div class=\"elementor-column elementor-col-100 elementor-top-column elementor-element elementor-element-f5b8284\" data-id=\"f5b8284\" data-element_type=\"column\">\n\t\t\t<div class=\"elementor-widget-wrap elementor-element-populated\">\n\t\t\t\t\t\t<div class=\"elementor-element elementor-element-9c5f97b elementor-widget elementor-widget-text-editor\" data-id=\"9c5f97b\" data-element_type=\"widget\" data-widget_type=\"text-editor.default\">\n\t\t\t\t<div class=\"elementor-widget-container\">\n\t\t\t\t\t\t\t\t\t<p><strong>T\u00c9RMINOS Y CONDICIONES DE USO<\/strong><\/p><p><strong>LOS PRESENTES T\u00c9RMINOS Y CONDICIONES TIENEN CAR\u00c1CTER OBLIGATORIO Y VINCULANTE PARA TODO USUARIO DEL PORTAL WWW.TUREGISTRODEMARCA.COM, CUALQUIER PERSONA QUE NO EST\u00c9 DE ACUERDO CON LOS MISMOS, DEBER\u00c1 ABSTENERSE DE UTILIZAR EL SITIO WEB Y\/O CUALQUIER OTRO SERVICIO DE TU REGISTRO DE MARCA.<\/strong><\/p><p>Los presentes t\u00e9rminos y condiciones generales de uso (los \u201c<strong><u>T\u00e9rminos y Condiciones<\/u><\/strong>\u201d) regulan el acceso y\/o uso del sitio web http:\/\/www.turegistrodemarca.com (en adelante el \u201c<u>Sitio Web<\/u>\u201d), propiedad de Asesor\u00eda y Servicios Corporativos REA S.A.P.I. de C.V. (en lo sucesivo <strong>\u201c<u>Tu Registro de Marca<\/u><\/strong>\u201d) sociedad mexicana, legalmente constituida conforme a las leyes de los Estados Unidos Mexicanos, con domicilio social en Ciudad de M\u00e9xico<\/p><ol><li>\u00a0Cualquier persona que acceda y\/o use y\/o navegue en el Sitio Web acepta t\u00e1citamente y queda sujeto a estos T\u00e9rminos y Condiciones por tanto se le atribuir\u00e1 el car\u00e1cter de \u201c<u>Usuario<\/u>\u201d, lo que implica la aceptaci\u00f3n de las pol\u00edticas y principios que rigen a Tu Registro de Marca, y que son incorporados a estos T\u00e9rminos y Condiciones.<\/li><\/ol><p>Mediante la aceptaci\u00f3n de estos T\u00e9rminos y Condiciones, el Usuario declara: (i) Que ha le\u00eddo y comprende el alcance legal de lo establecido en estos T\u00e9rminos y Condiciones; (ii) Que es una persona con capacidad plena y mayor\u00eda de edad para, en su caso, contratar los servicios de Tu Registro de Marca conforme a la legislaci\u00f3n de su pa\u00eds; (iii) No haber sido previamente suspendido y\/o inhabilitado temporal o definitivamente, para usar los servicios del portal; y (iv) Que es su voluntad obligarse conforme a lo previsto en este documento de T\u00e9rminos y Condiciones.<\/p><p>Las personas que no tengan capacidad para contratar, no pueden utilizar los Servicios del Sitio Web, comprendiendo: incapaces, menores de edad y\/o quienes hayan sido suspendidos o inhabilitados por Tu Registro de Marca para utilizar el Sitio Web.<\/p><ol start=\"2\"><li>\u00a0<\/li><\/ol><p>Tu Registro de Marca se reserva el derecho de modificar, a su entera discreci\u00f3n los T\u00e9rminos y Condiciones en cualquier momento, y\/o suspender, modificar la operaci\u00f3n y\/o dar por terminado el servicio del Sitio Web, lo cual se publicar\u00e1 oportunamente en el mismo.<\/p><p>Tu Registro de Marca se reserva el derecho de realizar, en cualquier momento y sin necesidad de previo aviso, cualquier modificaci\u00f3n o actualizaci\u00f3n de sus contenidos y servicios en general, as\u00ed como de cuantos elementos integren el dise\u00f1o y configuraci\u00f3n del Sitio Web.<\/p><ol start=\"3\"><li><strong><u>ACCESO AL SITIO WEB.<\/u><\/strong><\/li><\/ol><p>El acceso al Sitio Web es p\u00fablico y gratuito, salvo en lo relativo al coste de la conexi\u00f3n a trav\u00e9s de la red de telecomunicaciones suministrada por el proveedor de acceso contratado (ISP) por el Usuario, que estar\u00e1 a su exclusivo cargo sin responsabilidad alguna para Tu Registro de Marca.<\/p><ol start=\"4\"><li><strong><u>PROTECCI\u00d3N DE DATOS PERSONALES.<\/u><\/strong><\/li><\/ol><p>Para la contrataci\u00f3n de servicios y\/o contacto, Tu Registro de Marca solicitar\u00e1 a los Usuarios la informaci\u00f3n y documentaci\u00f3n, requerida en t\u00e9rminos del aviso de privacidad ubicado dentro del Sitio Web.<\/p><ol start=\"5\"><li><strong><u>NORMAS GENERALES DE UTILIZACI\u00d3N DEL SITIO WEB.<\/u><\/strong><\/li><\/ol><p>Los servicios ofrecidos en el Sitio Web se dirigen exclusivamente a personas mayores de edad.<\/p><p>El Usuario manifiesta, garantiza y declara que tiene la edad legal para celebrar un contrato vinculante, plenamente v\u00e1lido y eficaz, y que toda la informaci\u00f3n, que en su caso llegara a proporcionar es exacta, veraz y actualizada.<\/p><p>El Usuario se obliga a utilizar el Sitio Web y todo su contenido y servicios conforme a lo establecido en las leyes aplicables y los presentes T\u00e9rminos y Condiciones. Asimismo, se obliga a hacer un uso adecuado de los servicios y\/o contenidos del Sitio Web y a no emplearlos para realizar actividades il\u00edcitas o constitutivas de delito, que atenten contra los derechos de terceros y\/o que infrinjan la regulaci\u00f3n sobre propiedad intelectual e industrial, o cualesquiera otras normas del ordenamiento jur\u00eddico que puedan resultar aplicables.<\/p><p>A t\u00edtulo meramente enunciativo, y en ning\u00fan caso limitativo, el Usuario se obliga a:<\/p><ol><li>No introducir o difundir contenidos o propaganda de car\u00e1cter racista, xen\u00f3fobo o, en general, discriminatorio, pornogr\u00e1fico, de apolog\u00eda del terrorismo o que atenten, vulneren o pudieren atentar o vulnerar los derechos humanos.<\/li><li>No introducir o difundir en la red programas de datos (virus y\/o software nocivo) susceptibles a provocar da\u00f1os en los sistemas inform\u00e1ticos de Tu Registro de Marca, sus proveedores, terceros o, en general, cualquier usuario de la red Internet.<\/li><li>No difundir, transmitir o poner a disposici\u00f3n de terceros cualquier tipo de informaci\u00f3n, elemento o contenido que atente contra los derechos fundamentales y las libertades p\u00fablicas reconocidos constitucionalmente y en los tratados internacionales.<\/li><li>No difundir, transmitir o poner a disposici\u00f3n de terceros cualquier tipo de informaci\u00f3n, elemento o contenido que constituya publicidad il\u00edcita o desleal.<\/li><li>No transmitir publicidad no solicitada o autorizada, material publicitario, &#8220;correo basura o spam&#8221;, &#8220;cartas en cadena&#8221;, &#8220;estructuras piramidales&#8221;, o cualquier otra forma de solicitaci\u00f3n, excepto en aquellas \u00e1reas (tales como espacios comerciales) que hayan sido exclusivamente concebidas para ello mediante una comunicaci\u00f3n expresa de Tu Registro de Marca, comunicada debida y oportunamente en el Sitio Web.<\/li><li>No introducir o difundir cualquier informaci\u00f3n y contenidos falsos, ambiguos o inexactos de forma que induzca a error a los receptores de la informaci\u00f3n.<\/li><li>No difundir, transmitir o poner a disposici\u00f3n de terceros cualquier tipo de informaci\u00f3n, elemento o contenido que suponga una violaci\u00f3n de los derechos de propiedad intelectual e industrial, patentes, marcas o copyright que correspondan a Tu Registro de Marca o a terceros.<\/li><li>No difundir, transmitir o poner a disposici\u00f3n de terceros cualquier tipo de informaci\u00f3n, elemento o contenido que suponga una violaci\u00f3n del secreto de las comunicaciones y la legislaci\u00f3n de datos de car\u00e1cter personal y, en general, todas las normas jur\u00eddicas que regulen la protecci\u00f3n y promoci\u00f3n del respeto a la vida privada e intimidad de las personas y sus familias.<\/li><\/ol><p>El Usuario se obliga a sacar en paz y a salvo y a indemnizar a Tu Registro de Marca ante cualquier posible reclamaci\u00f3n, multa, pena, sanci\u00f3n o indemnizaci\u00f3n de cualquier naturaleza, derivada del incumplimiento por parte del Usuario de cualquiera de las normas de uso antes indicadas, reserv\u00e1ndose, adem\u00e1s, derecho a solicitar la indemnizaci\u00f3n por da\u00f1os y perjuicios que en su caso correspondan.<\/p><p>Tu Registro de Marca se reserva el derecho de bloquear a aquellos Usuarios que hagan un uso inapropiado del Sitio Web o no respeten las observaciones y prohibiciones previstas por estos T\u00e9rminos y Condiciones.<\/p><ol start=\"6\"><li><strong><u>LIMITACI\u00d3N DE RESPONSABILIDAD.<\/u><\/strong><\/li><\/ol><p>Tu Registro de Marca no garantiza el acceso y uso continuo e ininterrumpido del Sitio Web y\/o del asistente virtual v\u00eda whatsapp identificado como \u201cMarK\u201d. El Sitio Web puede eventualmente no estar disponible debido a dificultades t\u00e9cnicas o fallas de internet, o por cualquier otra circunstancia ajena y no imputable a Tu Registro de Marca; en tales casos se procurar\u00e1 restablecer el sitio con la mayor celeridad posible sin que por ello pueda imput\u00e1rsele alg\u00fan tipo de responsabilidad. Tu Registro de Marca no ser\u00e1 responsable por ning\u00fan error u omisi\u00f3n contenidos en el Sitio Web.<\/p><p>Corresponde al Usuario, en todo caso, la disponibilidad de herramientas adecuadas para detectar y desinfectar programas inform\u00e1ticos da\u00f1inos.<\/p><p>Tu Registro de Marca no se responsabiliza de los da\u00f1os o perjuicios de cualquier tipo producidos al Usuario a causa de fallos o desconexiones en las redes de telecomunicaciones que produzcan la suspensi\u00f3n, cancelaci\u00f3n o interrupci\u00f3n del servicio del Sitio Web durante la prestaci\u00f3n del mismo o con car\u00e1cter previo.<\/p><p>Tu Registro de Marca se reserva el derecho de cancelar cualquier informaci\u00f3n publicada a trav\u00e9s del Sitio Web sin previo aviso y por cualquier motivo, cuando a su entera discreci\u00f3n considere que no se ha dado cumplimiento a la totalidad de las pautas establecidas en los T\u00e9rminos y Condiciones.<\/p><ol start=\"7\"><li><strong><u>PROPIEDAD INTELECTUAL E INDUSTRIAL.<\/u><\/strong><\/li><\/ol><p>Todos los contenidos del Sitio Web, entendiendo por \u00e9stos, de manera enunciativa mas no limitativa, textos, fotograf\u00edas, gr\u00e1ficos, im\u00e1genes, iconos, tecnolog\u00eda, software, links y dem\u00e1s contenidos audiovisuales o sonoros, as\u00ed como su dise\u00f1o gr\u00e1fico y c\u00f3digos fuente, son propiedad de Tu Registro de Marca o de terceros, sin que puedan entenderse cedidos al Usuario.<\/p><p>Las marcas, nombres comerciales o signos distintivos son propiedad de Tu Registro de Marca o terceros, sin que pueda entenderse que el acceso al Sitio Web atribuye alg\u00fan derecho sobre los mismos.<\/p><ol start=\"8\"><li><strong><u>NULIDAD E INEFICACIA DE LAS CL\u00c1USULAS.<\/u><\/strong><\/li><\/ol><p>Si cualquier cl\u00e1usula incluida en los T\u00e9rminos y Condiciones fuese declarada total o parcialmente nula o ineficaz en alguna de las jurisdicciones en las que Tu Registro de Marca tenga presencia, tal nulidad o ineficacia tan s\u00f3lo afectar\u00e1 a dicha disposici\u00f3n o a la parte de la misma que resulte nula o ineficaz, subsistiendo los T\u00e9rminos y Condiciones en todo lo dem\u00e1s, consider\u00e1ndose tal disposici\u00f3n total o parcialmente no incluida o aplicable en aquella jurisdicci\u00f3n.<\/p><ol start=\"9\"><li><strong><u>SERVICIOS<\/u><\/strong><strong>.<\/strong><\/li><\/ol><p>Los Usuarios puede contratar los servicios de Tu Registro de Marca ofrecidos en el Sitio Web (los \u201c<u>Servicios<\/u>\u201d) consistentes en: (i) solicitud de registro de marcas ante el Instituto Mexicano de la Propiedad Industrial (\u201c<u>IMPI<\/u>\u201d); (ii) dictamen de factibilidad de registro de marca ante el IMPI; (iii) renovaci\u00f3n de registro de marca ante el IMPI; (iv) declaraci\u00f3n de uso de marca ante el IMPI; (v) otros servicios de asesor\u00eda en relaci\u00f3n con la protecci\u00f3n y\/o defensa de derechos de propiedad industrial. El Usuario acepta pagar la contraprestaci\u00f3n que corresponde a cada uno de los Servicios, publicada en el Sitio Web y\/o acordada con Tu Registro de Marca. La responsabilidad de Tu registro de Marca se limita al monto efectivamente pagado por el usuario descontando los derechos de registro del IMPI. La responsabilidad de Tu registro de Marca se limita a brindar asesor\u00eda en los t\u00e9rminos anunciados en el Sitio Web, sin que en ning\u00fan caso est\u00e9 obligado o sea responsable de obtener un resultado favorable de registro, renovaci\u00f3n, inscripci\u00f3n y\/o declaraci\u00f3n de uso de marcas, nombres comerciales, avisos comerciales, patentes y\/o cualquier otro derecho ante el IMPI, ya que la resoluci\u00f3n corresponde a dicha Autoridad. La responsabilidad de Tu Registro de Marca se limita a la presentaci\u00f3n de la solicitud del tr\u00e1mite correspondiente. En caso de que el pago del Usuario sea rechazado, una vez contratados los Servicios el usuario de los Servicios estar\u00e1 obligado a efectuar el pago a Tu Registro de Marca. El usuario de los Servicios estar\u00e1 obligado a enviar su comprobante de pago a <u><a href=\"mailto:contacto@turegistrodemarca.com\">contacto@turegistrodemarca.com<\/a><\/u> para dar inicio a cualquier tr\u00e1mite. De igual forma, el usuario deber\u00e1 solicitar la expedici\u00f3n del CFDI correspondiente al pago a m\u00e1s tardar el d\u00eda h\u00e1bil siguiente a que haga el pago, enviado su constancia de situaci\u00f3n fiscal al correo antes se\u00f1alado, indicando el monto y concepto pagado.<\/p><ol start=\"10\"><li><strong><u>LEGISLACI\u00d3N APLICABLE Y JURISDICCI\u00d3N COMPETENTE.<\/u><\/strong><\/li><\/ol><p>Estos T\u00e9rminos y Condiciones se regir\u00e1n e interpretar\u00e1n por la legislaci\u00f3n federal vigente en los Estados Unidos Mexicanos. Cualquier controversia derivada del presente documento, su existencia, validez, interpretaci\u00f3n, alcance o cumplimiento, ser\u00e1 sometido a las leyes federales y a los Tribunales Competentes de la Ciudad de M\u00e9xico, M\u00e9xico.<\/p><p>Para la interpretaci\u00f3n, cumplimiento y ejecuci\u00f3n del presente contrato, las partes se someten a la jurisdicci\u00f3n de los Tribunales Competentes de la Ciudad de M\u00e9xico, M\u00e9xico, renunciando en consecuencia a cualquier fuero que en raz\u00f3n de su domicilio presente o futuro pudiera corresponderles.<\/p>\t\t\t\t\t\t\t\t<\/div>\n\t\t\t\t<\/div>\n\t\t\t\t\t<\/div>\n\t\t<\/div>\n\t\t\t\t\t<\/div>\n\t\t<\/section>\n\t\t\t\t<\/div>\n\t\t","protected":false},"excerpt":{"rendered":"<p>T\u00c9RMINOS &amp; CONDICIONES T\u00c9RMINOS Y CONDICIONES DE USO LOS PRESENTES T\u00c9RMINOS Y CONDICIONES TIENEN CAR\u00c1CTER OBLIGATORIO Y VINCULANTE PARA TODO USUARIO DEL PORTAL WWW.TUREGISTRODEMARCA.COM, CUALQUIER PERSONA<span class=\"excerpt-hellip\"> [\u2026]<\/span><\/p>\n","protected":false},"author":1,"featured_media":0,"parent":0,"menu_order":0,"comment_status":"open","ping_status":"closed","template":"","meta":{"footnotes":""},"class_list":["post-575","page","type-page","status-publish","hentry"],"_links":{"self":[{"href":"https:\/\/turegistrodemarca.com\/index.php?rest_route=\/wp\/v2\/pages\/575","targetHints":{"allow":["GET"]}}],"collection":[{"href":"https:\/\/turegistrodemarca.com\/index.php?rest_route=\/wp\/v2\/pages"}],"about":[{"href":"https:\/\/turegistrodemarca.com\/index.php?rest_route=\/wp\/v2\/types\/page"}],"author":[{"embeddable":true,"href":"https:\/\/turegistrodemarca.com\/index.php?rest_route=\/wp\/v2\/users\/1"}],"replies":[{"embeddable":true,"href":"https:\/\/turegistrodemarca.com\/index.php?rest_route=%2Fwp%2Fv2%2Fcomments&post=575"}],"version-history":[{"count":4,"href":"https:\/\/turegistrodemarca.com\/index.php?rest_route=\/wp\/v2\/pages\/575\/revisions"}],"predecessor-version":[{"id":581,"href":"https:\/\/turegistrodemarca.com\/index.php?rest_route=\/wp\/v2\/pages\/575\/revisions\/581"}],"wp:attachment":[{"href":"https:\/\/turegistrodemarca.com\/index.php?rest_route=%2Fwp%2Fv2%2Fmedia&parent=575"}],"curies":[{"name":"wp","href":"https:\/\/api.w.org\/{rel}","templated":true}]}}